v) = -v**2 - 5*v + 1. Let j be r(-5). Suppose 3*y - x = j, 62*x + 6 = 2*y + 64*x. What is the highest common factor of y and 83?
1
Let q(i) = -7*i - 31. Let p(s) = 8*s + 31. Let n(k) = 5*p(k) + 4*q(k). Let l be n(7). What is the highest common divisor of 10 and l?
5
Let z(k) = 485*k - 3565. Let m be z(8). Calculate the greatest common divisor of m and 7455.
105
Suppose 5*v = 2*x + 75, 8*x - 30 = -2*v + 7*x. Let d(p) = -104*p**3 + 2*p**2 - 4*p - 5. Let o be d(-1). Calculate the highest common divisor of o and v.
15
Suppose 2*r + 3*r - 10 = 0. Suppose -3*f - 102 + 156 = 0. Let h(b) = -b**2 + 28*b - 178. Let s be h(f). What is the greatest common divisor of s and r?
2
Let t = 916 - 435. What is the greatest common factor of 65 and t?
13
Let z be (6/2)/(2/14). Suppose -3*g - 78 = -v, g - 342 = -5*v + 4*g. Suppose v*n = 30*n + 504. What is the highest common divisor of z and n?
7
Suppose 2924 + 1487 - 739 = 102*l. What is the greatest common divisor of 9468 and l?
36
Let k(x) = -32*x - 948. Let r be k(-32). Calculate the highest common factor of r and 2204.
76
Let r be (0 - 1)/(572/(-64) + 9). Let q be (12/r)/((-6)/232). Calculate the highest common factor of q and 551.
29
Let s be 1/(3 - 96/20 - -2). Suppose -20 = -s*w, 4*r - 5*w + 457 = -183. Let k = -91 - r. What is the highest common divisor of 160 and k?
32
Suppose -5*d + 724 = x, -x + 289 = -2*d + 4*d. Calculate the highest common factor of 464 and d.
29
Suppose -16*i = -11*i + 1175. Let p = 267 + i. Let g = -179 - -499. Calculate the highest common factor of p and g.
32
Let k(b) = -b**2 - 23*b + 37. Let p be k(-20). Suppose -5*c + p = 3*j, 3*j - 2*j = -3*c + 55. Let m = 27 + -10. What is the greatest common divisor of c and m?
17
Let d be 9 + -66*915/(-90). Calculate the greatest common divisor of 3280 and d.
40
Let q(d) = -31*d + 2618. Let m be q(84). What is the greatest common factor of 14 and m?
14
Suppose -5*j + 126 - 42 = p, -4*j = 3*p - 208. Calculate the highest common factor of 1952 and p.
32
Let r(c) be the second derivative of c**4/12 + 5*c**3/2 + 2*c**2 + 50*c. Let v be r(-16). What is the highest common factor of 340 and v?
20
Let w be (0 + (2 - 17))/(12/(-52)). Calculate the highest common factor of 10465 and w.
65
Suppose 0 = 11*v - 257 - 117. Suppose 0 = -v*w + 25*w + 441. What is the highest common factor of w and 49?
49
Suppose 4*a - 150 = -a + 5*o, 0 = -5*a - o + 174. Suppose -230 = -44*q + a. Let z = -16 - -82. Calculate the greatest common divisor of q and z.
6
Let m(x) = -10*x - 65. Let f be m(-7). Suppose -2*g + 6 = 0, f*s - 42 = 3*s - 4*g. What is the highest common divisor of 15 and s?
15
Let j(o) be the third derivative of o**6/120 - o**5/6 - 5*o**4/12 - 17*o**3/2 + 72*o**2. Let s be j(12). What is the greatest common divisor of 13 and s?
13
Let v be 6/9 + (-860)/(-6). Let b = -39 + v. Let t be 10/6*(129/15 - (-40)/100). What is the greatest common divisor of t and b?
15
Suppose -187 + 159 = -7*a. Let k be 609/a - (-11)/(-40 + -4). What is the highest common factor of k and 8?
8
Let q(y) = 140*y + 449. Let l be q(3). Calculate the highest common divisor of l and 44.
11
Suppose 64*c + 69022 - 80808 = 94518. What is the greatest common divisor of c and 110?
11
Suppose -136*x + 48640 = 168*x. Suppose -2*h - 2*t = -12, 5*h - 26 + 4 = 3*t. Calculate the highest common factor of x and h.
5
Let g(f) = 175*f + 861. Let n be g(-4). Calculate the greatest common factor of 713 and n.
23
Let x be (46 + -217)/((-6)/4). Let y = x + -96. Calculate the greatest common factor of 225 and y.
9
Let l be ((-160)/5)/(-4) - (6 + -22). Calculate the greatest common divisor of l and 9432.
24
Suppose 5592*l = 5580*l + 168. Let v(m) = -2*m + 1. Let g be v(1). Let o be 69 - (g - -2)*-1. What is the highest common factor of o and l?
14
Let r(c) be the third derivative of 271*c**5/60 + 5*c**4/24 - c**3/6 - 88*c**2. Let l be r(1). Calculate the greatest common divisor of 165 and l.
55
Let m = 70 + -51. Let a(w) be the third derivative of 3*w**4/8 + w**3/6 - 13*w**2. Let r be a(2). What is the highest common factor of r and m?
19
Let y = -29 + 32. Let f be ((11/y)/(-11))/((-1)/1683). Calculate the greatest common divisor of f and 33.
33
Suppose -v + 2605 = 4*v + 3*y, 0 = 3*y. Let m = -510 + v. Let r(c) = 26*c - 1. Let a be r(3). Calculate the greatest common divisor of a and m.
11
Let r = 79 + 821. Calculate the highest common divisor of 4275 and r.
225
Let y be 1 - (26/4 + 6/12). Let o(l) = -15*l - 69. Let c be o(y). Suppose -5*t + 51 + 89 = 0. Calculate the highest common divisor of c and t.
7
Suppose 0 = 4*g - 905 - 2059. Let h = g - 365. What is the highest common divisor of 8 and h?
8
Let p(u) = u + 14. Let y be p(-9). Suppose 0 = 4*t - y*m - 180, -4*m + 4 = -5*m. Calculate the highest common factor of 60 and t.
20
Let p = 10 + -7. Suppose -s + 13 = -p*h, -2*s + 6 = -3*h - 11. Suppose 0 = 2*d + s - 48. Calculate the greatest common factor of 44 and d.
22
Let k be (12/(-14))/((-74)/41699). Calculate the highest common factor of 1173 and k.
69
Suppose 29*h + 26*h = 53*h + 5352. Calculate the greatest common divisor of 36 and h.
12
Let j(p) = 26*p**2 + 193*p - 114. Let a be j(-8). What is the highest common divisor of 993 and a?
3
Suppose -4*p + 7*p = 270. Suppose -g + 2*s = 4*s - 30, -p = -3*g + 5*s. Let b be ((-285)/(-76))/((-15)/(-80)). What is the greatest common factor of g and b?
10
Let v(f) = 2*f**3 - 25*f**2 + 13*f - 8. Let i be v(12). Suppose -r - 352 = -i*h + 348, 5*r = -20. Calculate the greatest common divisor of 290 and h.
58
Let n = -38 + 41. Let f(w) = -w + 0*w**3 + 2 + w**n - 14*w + 3*w**2 + 2*w**2. Let k be f(-7). Calculate the highest common factor of 18 and k.
9
Let r = 1269 + -1167. What is the greatest common divisor of 2720 and r?
34
Let a = -31 - -57. Let f be 7 + (0 - 4) - 275. Let q = -181 - f. Calculate the highest common factor of q and a.
13
Let v(b) be the third derivative of -b**4/6 - 41*b**3/3 - 106*b**2 + 1. Let c be v(-22). What is the highest common factor of 66 and c?
6
Suppose 3 = 3*v, 0 = -n + 2*v - 21 + 60. Suppose 5*s = -10, -2*s - n = -5*j + 23. Calculate the greatest common factor of j and 78.
6
Let l be 4/(49968/4995 - 3 - 7). What is the highest common factor of l and 2516?
74
Let h(d) = -33*d + 195. Let n be h(5). Let f be n/(-18)*(36/3)/(-4). What is the highest common factor of f and 510?
5
Suppose -2*w + w + 1 = -2*n, n - 10 = -3*w. Let g be (26/22 - n) + 26/(-143). Suppose g = -o - 2*o + 18. What is the greatest common factor of o and 2?
2
Suppose -5 = j - 2*i + 1, 2*j + 2 = 2*i. Suppose -3*h - 2*s = h - 20, -j*h + 26 = -s. Suppose 44 = h*c - 112. What is the highest common divisor of c and 13?
13
Suppose 6242*f - 96 = 6234*f. Calculate the greatest common divisor of 1068 and f.
12
Suppose 13*l = 1081 - 782. Calculate the greatest common divisor of 1817 and l.
23
Suppose 8*y = -4*y + 24. Let h be (y/(-5))/((-3)/135*3). What is the greatest common factor of h and 12?
6
Let u(c) = -2*c**2 + 6*c + 12. Let i be u(7). Let g be (6/(-3))/2*i. Suppose 540 = -24*l + 3708. What is the greatest common factor of l and g?
44
Suppose 3089 + 3475 = 6*t. Let g = t + -992. Let h be ((-4)/(-3))/((-4)/(-18)). What is the greatest common factor of g and h?
6
Let f = -57 - -60. Let w be (f + 10/(-4))*(2 - 2). Suppose -c + 3*u = -133, w = -u - 4*u - 15. What is the greatest common divisor of c and 31?
31
Let f(v) = -v**3 - 12*v**2 + v + 11. Let d be f(-12). Let o be 1 - (-412)/(5 + d). What is the greatest common factor of 52 and o?
52
Let k be -2 - (-52)/24 - (-6275)/150. Calculate the greatest common divisor of 238 and k.
14
Let b be -2 + (-736)/(-12) - 4/3. Let m = b + -31. What is the highest common divisor of m and 135?
27
Suppose -w + 80 = 15*w + 4*w. Let o(p) = 49*p - 2. Let i be o(6). Calculate the greatest common factor of i and w.
4
Let n(d) = -3*d + 52*d + d**3 - 9*d + 11*d**2 - 18*d + 21. Let h be n(-7). Calculate the highest common divisor of 28 and h.
7
Let q(t) = t**3 - 14*t**2 - 13*t - 25. Suppose 29*r = 34*r - 75. Let v be q(r). What is the greatest common factor of 15 and v?
5
Let x be (-4*(-123)/(-24))/(1/(-2)). Let s = 82 + 123. Calculate the greatest common divisor of s and x.
41
Suppose -5*a = -2*m - 256, 84 = 5*a - 5*m - 196. Let b(q) = q**2 